{"id":34,"date":"2024-08-16T18:33:41","date_gmt":"2024-08-16T16:33:41","guid":{"rendered":"http:\/\/test.braniewo.waw.pl\/?page_id=34"},"modified":"2025-04-06T22:07:46","modified_gmt":"2025-04-06T20:07:46","slug":"historia-klubu","status":"publish","type":"page","link":"https:\/\/dal-frombork.pl\/index.php\/historia-klubu\/","title":{"rendered":"Historia klubu"},"content":{"rendered":"\t\t<div data-elementor-type=\"wp-page\" data-elementor-id=\"34\" class=\"elementor elementor-34\">\n\t\t\t\t<div class=\"elementor-element elementor-element-8f06dde e-flex e-con-boxed e-con e-parent\" data-id=\"8f06dde\" data-element_type=\"container\" data-e-type=\"container\">\n\t\t\t\t\t<div class=\"e-con-inner\">\n\t\t\t\t<div class=\"elementor-element elementor-element-5bd6b6d elementor-widget elementor-widget-heading\" data-id=\"5bd6b6d\" data-element_type=\"widget\" data-e-type=\"widget\" data-widget_type=\"heading.default\">\n\t\t\t\t<div class=\"elementor-widget-container\">\n\t\t\t\t\t<h2 class=\"elementor-heading-title elementor-size-default\">1953\u200b<\/h2>\t\t\t\t<\/div>\n\t\t\t\t<\/div>\n\t\t\t\t<div class=\"elementor-element elementor-element-99fae61 elementor-widget elementor-widget-text-editor\" data-id=\"99fae61\" data-element_type=\"widget\" data-e-type=\"widget\" data-widget_type=\"text-editor.default\">\n\t\t\t\t<div class=\"elementor-widget-container\">\n\t\t\t\t\t\t\t\t\t<p>Zostaje za\u0142o\u017cone Ko\u0142o Liga Morska. Jednym z za\u0142o\u017cycieli jest Andrzej Borowiak i inni sympatycy \u017ceglarstwa. Kolega J\u00f3zef Lemke zostaje wys\u0142any na kurs sternik\u00f3w jachtowych do Oleck\u0105 gdzie uzyskuje patent sternika. Jest to pierwszy cz\u0142onek naszego klubu z uprawnieniami sternika.<\/p>\t\t\t\t\t\t\t\t<\/div>\n\t\t\t\t<\/div>\n\t\t\t\t<div class=\"elementor-element elementor-element-c96eae6 elementor-widget elementor-widget-heading\" data-id=\"c96eae6\" data-element_type=\"widget\" data-e-type=\"widget\" data-widget_type=\"heading.default\">\n\t\t\t\t<div class=\"elementor-widget-container\">\n\t\t\t\t\t<h2 class=\"elementor-heading-title elementor-size-default\">1955<\/h2>\t\t\t\t<\/div>\n\t\t\t\t<\/div>\n\t\t\t\t<div class=\"elementor-element elementor-element-691ae10 elementor-widget elementor-widget-text-editor\" data-id=\"691ae10\" data-element_type=\"widget\" data-e-type=\"widget\" data-widget_type=\"text-editor.default\">\n\t\t\t\t<div class=\"elementor-widget-container\">\n\t\t\t\t\t\t\t\t\tPowstaje Ko\u0142o \u017beglarskie LP\u017b przy Zarz\u0105dzie Powiatu w Braniewie.\n\t\t\t\t\t\t\t\t<\/div>\n\t\t\t\t<\/div>\n\t\t\t\t<div class=\"elementor-element elementor-element-04ce049 elementor-widget elementor-widget-heading\" data-id=\"04ce049\" data-element_type=\"widget\" data-e-type=\"widget\" data-widget_type=\"heading.default\">\n\t\t\t\t<div class=\"elementor-widget-container\">\n\t\t\t\t\t<h2 class=\"elementor-heading-title elementor-size-default\">1957\u200b<\/h2>\t\t\t\t<\/div>\n\t\t\t\t<\/div>\n\t\t\t\t<div class=\"elementor-element elementor-element-3574b7a elementor-widget elementor-widget-text-editor\" data-id=\"3574b7a\" data-element_type=\"widget\" data-e-type=\"widget\" data-widget_type=\"text-editor.default\">\n\t\t\t\t<div class=\"elementor-widget-container\">\n\t\t\t\t\t\t\t\t\tKo\u0142o \u017beglarski LP\u017b zostaje przekszta\u0142cone w Klub \u017beglarski LP\u017b. W\u0142adze: Prezes: J\u00f3zef Zieniewicz, Skarbnik: Tadeusz Karpowicz, Sekretarz: Jan Pogorzelski, Cz\u0142onek: J\u00f3zef Lemke, Stefan Fiodorowicz.\nW okresie tym klub otrzymuje pierwsze jachty w ilo\u015bci \u201eDZ\u201d- 1 szt. \u201eOmega\u201d \u2013 2 szt. \u201eCadet (drewniany)\u201d \u2013 2 szt. oraz motor\u00f3wk\u0119. Przekazany sprz\u0119t funduje fabryka samochodowa na \u017beraniu.\n\t\t\t\t\t\t\t\t<\/div>\n\t\t\t\t<\/div>\n\t\t\t\t<div class=\"elementor-element elementor-element-f2aa1c9 elementor-widget elementor-widget-heading\" data-id=\"f2aa1c9\" data-element_type=\"widget\" data-e-type=\"widget\" data-widget_type=\"heading.default\">\n\t\t\t\t<div class=\"elementor-widget-container\">\n\t\t\t\t\t<h2 class=\"elementor-heading-title elementor-size-default\">1959 - 1960<\/h2>\t\t\t\t<\/div>\n\t\t\t\t<\/div>\n\t\t\t\t<div class=\"elementor-element elementor-element-d5c407b elementor-widget elementor-widget-text-editor\" data-id=\"d5c407b\" data-element_type=\"widget\" data-e-type=\"widget\" data-widget_type=\"text-editor.default\">\n\t\t\t\t<div class=\"elementor-widget-container\">\n\t\t\t\t\t\t\t\t\tPrezesem zostaje Wincenty Molin, a cz\u0142onkami Andrzej Perzy\u0144ski, Irena Grubba, Jan Pogorzelski, Dominik Kobylski. W latach 1959- 60 <strong>zostaje uchwalona nazwa klubu MK\u017b \u201eDAL\u201d<\/strong>. W tym czasie powstaje tak\u017ce baza i budynek klubu na miejscu obecnej siedziby. G\u0142\u00f3wnym projektantem i motorem tego przedsi\u0119wzi\u0119cia by\u0142 koleg\u0105 Molin. \u015arodki na budow\u0119 \u00a0pozyskali\u015bmy z WKKFIT-u Olsztyn.\n\t\t\t\t\t\t\t\t<\/div>\n\t\t\t\t<\/div>\n\t\t\t\t<div class=\"elementor-element elementor-element-c7c057b elementor-widget elementor-widget-heading\" data-id=\"c7c057b\" data-element_type=\"widget\" data-e-type=\"widget\" data-widget_type=\"heading.default\">\n\t\t\t\t<div class=\"elementor-widget-container\">\n\t\t\t\t\t<h2 class=\"elementor-heading-title elementor-size-default\">1970\u200b<\/h2>\t\t\t\t<\/div>\n\t\t\t\t<\/div>\n\t\t\t\t<div class=\"elementor-element elementor-element-4e98545 elementor-widget elementor-widget-text-editor\" data-id=\"4e98545\" data-element_type=\"widget\" data-e-type=\"widget\" data-widget_type=\"text-editor.default\">\n\t\t\t\t<div class=\"elementor-widget-container\">\n\t\t\t\t\t\t\t\t\tZe \u015brodk\u00f3w powiatowych zakupione zosta\u0142y 2 Ramblery. G\u0142\u00f3wnym inicjatorem tego zakupu by\u0142 kolega Henryk Szkutnik.\n\t\t\t\t\t\t\t\t<\/div>\n\t\t\t\t<\/div>\n\t\t\t\t<div class=\"elementor-element elementor-element-55613be elementor-widget elementor-widget-heading\" data-id=\"55613be\" data-element_type=\"widget\" data-e-type=\"widget\" data-widget_type=\"heading.default\">\n\t\t\t\t<div class=\"elementor-widget-container\">\n\t\t\t\t\t<h2 class=\"elementor-heading-title elementor-size-default\">1973\u200b<\/h2>\t\t\t\t<\/div>\n\t\t\t\t<\/div>\n\t\t\t\t<div class=\"elementor-element elementor-element-4921eb6 elementor-widget elementor-widget-text-editor\" data-id=\"4921eb6\" data-element_type=\"widget\" data-e-type=\"widget\" data-widget_type=\"text-editor.default\">\n\t\t\t\t<div class=\"elementor-widget-container\">\n\t\t\t\t\t\t\t\t\tStaraniem \u00f3wczesnego zarz\u0105du w sk\u0142adzie: Witold Oprawko, Tadeusz Karpowicz, Henryk Szkutnik Urszula Tokarska oraz przychylno\u015bci w\u0142adz powiatu klub zakupi\u0142 jednostk\u0119 pe\u0142nomorsk\u0105 typu Nefryt.\n\t\t\t\t\t\t\t\t<\/div>\n\t\t\t\t<\/div>\n\t\t\t\t<div class=\"elementor-element elementor-element-57ed60a elementor-widget elementor-widget-heading\" data-id=\"57ed60a\" data-element_type=\"widget\" data-e-type=\"widget\" data-widget_type=\"heading.default\">\n\t\t\t\t<div class=\"elementor-widget-container\">\n\t\t\t\t\t<h2 class=\"elementor-heading-title elementor-size-default\">1975<\/h2>\t\t\t\t<\/div>\n\t\t\t\t<\/div>\n\t\t\t\t<div class=\"elementor-element elementor-element-fd2e7df elementor-widget elementor-widget-text-editor\" data-id=\"fd2e7df\" data-element_type=\"widget\" data-e-type=\"widget\" data-widget_type=\"text-editor.default\">\n\t\t\t\t<div class=\"elementor-widget-container\">\n\t\t\t\t\t\t\t\t\tZ chwil\u0105 powstania wojew\u00f3dztwa Elbl\u0105skiego i EOZ\u017b, klub prze\u017cywa najwi\u0119kszy rozw\u00f3j: utworzono szk\u00f3\u0142k\u0119 sportow\u0105. M\u0142odzie\u017c szkolono na jachtach typu: Optymist, Cadet, 420, 470, Finn, ok &#8211; dingi. Nasi \u017ceglarze startuj\u0105 w wielu imprezach \u017ceglarskich, r\u00f3wnie\u017c mi\u0119dzynarodowych. Najwi\u0119kszym sukcesem by\u0142 start w regatach przyja\u017ani w Rostoku (NRD). Za\u0142oga w sk\u0142adzie: Pawe\u0142 Karpowicz, Wojciech Pionke zdobywa 3 miejsce w klasie Cadet. We Fromborku rozgrywane s\u0105 najwa\u017cniejsze regaty i najliczniej obsaczone ( regaty przyja\u017ani, mistrzostwa wojew\u00f3dztwa, olimpiada m\u0142odzie\u017cy). Od pocz\u0105tku istnienia klubu organizowane s\u0105 najwa\u017cniejsze regaty na Zalewie Wi\u015blanym dla jacht\u00f3w balastowych i mieczowych pod nazw\u0105 <strong>Fromborska Jesie\u0144<\/strong>.\n\t\t\t\t\t\t\t\t<\/div>\n\t\t\t\t<\/div>\n\t\t\t\t<div class=\"elementor-element elementor-element-9539da4 elementor-widget elementor-widget-heading\" data-id=\"9539da4\" data-element_type=\"widget\" data-e-type=\"widget\" data-widget_type=\"heading.default\">\n\t\t\t\t<div class=\"elementor-widget-container\">\n\t\t\t\t\t<h2 class=\"elementor-heading-title elementor-size-default\">1991\u200b<\/h2>\t\t\t\t<\/div>\n\t\t\t\t<\/div>\n\t\t\t\t<div class=\"elementor-element elementor-element-d04df86 elementor-widget elementor-widget-text-editor\" data-id=\"d04df86\" data-element_type=\"widget\" data-e-type=\"widget\" data-widget_type=\"text-editor.default\">\n\t\t\t\t<div class=\"elementor-widget-container\">\n\t\t\t\t\t\t\t\t\tW roku tym Henryk Kurzy\u0144ski \u00f3wczesny Nadle\u015bniczy, przekazuje budynek &#8211; \u015bwietlice i hangar.\n\t\t\t\t\t\t\t\t<\/div>\n\t\t\t\t<\/div>\n\t\t\t\t<div class=\"elementor-element elementor-element-85c6ef4 elementor-widget elementor-widget-heading\" data-id=\"85c6ef4\" data-element_type=\"widget\" data-e-type=\"widget\" data-widget_type=\"heading.default\">\n\t\t\t\t<div class=\"elementor-widget-container\">\n\t\t\t\t\t<h2 class=\"elementor-heading-title elementor-size-default\">2023\u200b<\/h2>\t\t\t\t<\/div>\n\t\t\t\t<\/div>\n\t\t\t\t<div class=\"elementor-element elementor-element-2572b19 elementor-widget elementor-widget-text-editor\" data-id=\"2572b19\" data-element_type=\"widget\" data-e-type=\"widget\" data-widget_type=\"text-editor.default\">\n\t\t\t\t<div class=\"elementor-widget-container\">\n\t\t\t\t\t\t\t\t\t<p style=\"text-align: justify;\">W grudniu, na walnym zebraniu cz\u0142onk\u00f3w Morskiego Klubu \u017beglarskiego PTTK &#8222;DAL&#8221;, podj\u0119ta zosta\u0142a decyzja o rozwi\u0105zaniu klubu. By\u0142a to decyzja trudna, ale uznana za konieczn\u0105 w obliczu r\u00f3\u017cnych wyzwa\u0144, z jakimi przysz\u0142o si\u0119 mierzy\u0107 organizacji w ostatnich latach.<\/p><h3 style=\"text-align: center;\">Przysz\u0142o\u015b\u0107 w Nowej Formie<\/h3><p style=\"text-align: justify;\">Podczas zebrania pojawi\u0142y si\u0119 jednak r\u00f3wnie\u017c g\u0142osy pe\u0142ne nadziei. Cz\u0119\u015b\u0107 cz\u0142onk\u00f3w klubu, zainspirowana duchem \u017ceglarstwa i ch\u0119ci\u0105 kontynuowania wsp\u00f3lnych przyg\u00f3d, oznajmi\u0142a swoje plany wznowienia dzia\u0142alno\u015bci klubu. Tym razem mia\u0142by on funkcjonowa\u0107 w zmienionej formie \u2013 jako stowarzyszenie.<\/p>\t\t\t\t\t\t\t\t<\/div>\n\t\t\t\t<\/div>\n\t\t\t\t<div class=\"elementor-element elementor-element-f895d76 elementor-widget elementor-widget-heading\" data-id=\"f895d76\" data-element_type=\"widget\" data-e-type=\"widget\" data-widget_type=\"heading.default\">\n\t\t\t\t<div class=\"elementor-widget-container\">\n\t\t\t\t\t<h2 class=\"elementor-heading-title elementor-size-default\">2024<\/h2>\t\t\t\t<\/div>\n\t\t\t\t<\/div>\n\t\t\t\t<div class=\"elementor-element elementor-element-6f63d06 elementor-widget elementor-widget-text-editor\" data-id=\"6f63d06\" data-element_type=\"widget\" data-e-type=\"widget\" data-widget_type=\"text-editor.default\">\n\t\t\t\t<div class=\"elementor-widget-container\">\n\t\t\t\t\t\t\t\t\t<p>Dzi\u0119ki staraniom grupy fascynat\u00f3w \u017ceglarstwa tj. Piotra i Magdy Or\u0142owskich, Mariana i Zosi Drabi\u0144skich, Mariuszowi i Agnieszce Rakoci\u0144skim, Urszuli Jankowskiej, Andrzejowi Turkiewiczowi oraz Paw\u0142owi So\u0142oducha, po kilkumiesi\u0119cznej przerwie klub wznowienia dzia\u0142alno\u015b\u0107 pod nazw\u0105:\u00a0 <strong>Morski Klub \u017beglarski &#8222;DAL&#8221; Frombork<\/strong>. Nowy rozdzia\u0142 w historii klubu rozpoczyna si\u0119 z od\u015bwie\u017con\u0105 struktur\u0105 organizacyjn\u0105 i zarejestrowanym w dniu 30-04-2024 stowarzyszeniem w KRS, gotowym do podj\u0119cia nowych wyzwa\u0144 i kontynuowania bogatych tradycji \u017ceglarskich.<\/p><p>Kolejnym wa\u017cnym krokiem w rozwoju klubu by\u0142o podj\u0119cie uchwa\u0142y przez Zarz\u0105d MK\u017b \u201eDAL\u201d Frombork, na mocy kt\u00f3rej po rozwi\u0105zanym starym klubie budynek klubu zosta\u0142 oficjalnie przyj\u0119ty w poczet maj\u0105tku klubowego. Ten symboliczny, a zarazem bardzo praktyczny akt, stanowi istotny fundament dalszego funkcjonowania i rozwoju infrastruktury klubowej. Uregulowanie statusu budynku umo\u017cliwia realizacj\u0119 kolejnych inwestycji, modernizacj\u0119 zaplecza oraz tworzenie przyjaznej przestrzeni dla cz\u0142onk\u00f3w i sympatyk\u00f3w klubu.<\/p><p>W ramach aktywnego powrotu do \u017cycia \u017ceglarskiego, klub z powodzeniem zorganizowa\u0142 <strong>67. Mi\u0119dzynarodowe Regaty Fromborska Jesie\u0144<\/strong>, kt\u00f3re jak co roku przyci\u0105gn\u0119\u0142y liczne za\u0142ogi i pasjonat\u00f3w sport\u00f3w wodnych z ca\u0142ego regionu. Wydarzenie to, maj\u0105ce d\u0142ug\u0105 i pi\u0119kn\u0105 tradycj\u0119, odby\u0142o si\u0119 w atmosferze sportowej rywalizacji i wsp\u00f3lnego \u015bwi\u0119towania \u017ceglarskiego ducha.<\/p><p>Ponadto klub by\u0142 gospodarzem <strong>Mi\u0119dzynarodowych Regat o Puchar Marsza\u0142k\u00f3w<\/strong>, kt\u00f3re r\u00f3wnie\u017c cieszy\u0142y si\u0119 du\u017cym zainteresowaniem zar\u00f3wno w\u015br\u00f3d zawodnik\u00f3w, jak i widz\u00f3w.<br \/>Oba wydarzenia potwierdzi\u0142y nie tylko gotowo\u015b\u0107 klubu do podejmowania ambitnych inicjatyw, ale tak\u017ce jego wa\u017cn\u0105 rol\u0119 w piel\u0119gnowaniu i rozwijaniu lokalnych tradycji \u017ceglarskich.<\/p>\t\t\t\t\t\t\t\t<\/div>\n\t\t\t\t<\/div>\n\t\t\t\t<div class=\"elementor-element elementor-element-f6a40d0 elementor-widget elementor-widget-heading\" data-id=\"f6a40d0\" data-element_type=\"widget\" data-e-type=\"widget\" data-widget_type=\"heading.default\">\n\t\t\t\t<div class=\"elementor-widget-container\">\n\t\t\t\t\t<h2 class=\"elementor-heading-title elementor-size-default\">2025<\/h2>\t\t\t\t<\/div>\n\t\t\t\t<\/div>\n\t\t\t\t<div class=\"elementor-element elementor-element-99676a1 elementor-widget elementor-widget-text-editor\" data-id=\"99676a1\" data-element_type=\"widget\" data-e-type=\"widget\" data-widget_type=\"text-editor.default\">\n\t\t\t\t<div class=\"elementor-widget-container\">\n\t\t\t\t\t\t\t\t\t<p class=\"\" data-start=\"98\" data-end=\"571\">Kolejnym wa\u017cnym etapem w rozwoju Morskiego Klubu \u017beglarskiego \u201eDAL\u201d Frombork by\u0142o <strong data-start=\"180\" data-end=\"230\">rozpocz\u0119cie prac remontowych budynku klubowego<\/strong>, kt\u00f3ry przez lata intensywnej eksploatacji i wp\u0142ywu warunk\u00f3w atmosferycznych uleg\u0142 znacznemu zu\u017cyciu. <strong data-start=\"333\" data-end=\"391\">Dnia 3 marca 2025 roku ruszy\u0142 d\u0142ugo wyczekiwany remont<\/strong>, maj\u0105cy na celu przywr\u00f3cenie budynkowi jego funkcjonalno\u015bci, bezpiecze\u0144stwa oraz nadanie mu estetycznego, nowoczesnego wygl\u0105du \u2013 przy jednoczesnym zachowaniu \u017ceglarskiego klimatu.<\/p><p class=\"\" data-start=\"573\" data-end=\"1019\">W ramach prac <strong data-start=\"587\" data-end=\"612\">odnowiony zosta\u0142 dach<\/strong>, kt\u00f3ry zabezpieczono nowym pokryciem, zapewniaj\u0105cym trwa\u0142o\u015b\u0107 i odporno\u015b\u0107 na kapry\u015bn\u0105 nadzalewow\u0105 pogod\u0119. <strong data-start=\"718\" data-end=\"781\">Elewacja budynku zosta\u0142a ca\u0142kowicie wymieniona na drewnian\u0105<\/strong>, co nie tylko poprawi\u0142o wygl\u0105d, ale r\u00f3wnie\u017c nawi\u0105za\u0142o do tradycyjnej, portowej architektury regionu. Wewn\u0105trz <strong data-start=\"892\" data-end=\"914\">wymieniono pod\u0142ogi<\/strong> oraz <strong data-start=\"920\" data-end=\"950\">odnowiono wszystkie \u015bciany<\/strong>, co zdecydowanie poprawi\u0142o komfort u\u017cytkowania przestrzeni klubowej.<\/p><div id=\"simple-translate\" class=\"simple-translate-light-theme\"><div><div class=\"simple-translate-button isShow\" style=\"background-image: url('moz-extension:\/\/664e4110-d0ca-4c39-a349-30f747689d27\/icons\/512.png'); height: 22px; width: 22px; top: -43px; left: -11px;\">\u00a0<\/div><div class=\"simple-translate-panel \" style=\"width: 300px; height: 200px; top: 0px; left: 0px; font-size: 13px;\"><div class=\"simple-translate-result-wrapper\" style=\"overflow: hidden;\"><div class=\"simple-translate-move\" draggable=\"true\">\u00a0<\/div><div class=\"simple-translate-result-contents\"><p class=\"simple-translate-result\" dir=\"auto\">\u00a0<\/p><p class=\"simple-translate-candidate\" dir=\"auto\">\u00a0<\/p><\/div><\/div><\/div><\/div><\/div>\t\t\t\t\t\t\t\t<\/div>\n\t\t\t\t<\/div>\n\t\t\t\t\t<\/div>\n\t\t\t\t<\/div>\n\t\t\t\t<\/div>\n\t\t","protected":false},"excerpt":{"rendered":"<p>1953\u200b Zostaje za\u0142o\u017cone Ko\u0142o Liga Morska. Jednym z za\u0142o\u017cycieli jest Andrzej Borowiak i inni sympatycy \u017ceglarstwa. Kolega J\u00f3zef Lemke zostaje [&hellip;]<\/p>\n","protected":false},"author":1,"featured_media":0,"parent":0,"menu_order":0,"comment_status":"closed","ping_status":"closed","template":"","meta":{"site-sidebar-layout":"no-sidebar","site-content-layout":"","ast-site-content-layout":"full-width-container","site-content-style":"default","site-sidebar-style":"default","ast-global-header-display":"","ast-banner-title-visibility":"","ast-main-header-display":"","ast-hfb-above-header-display":"","ast-hfb-below-header-display":"","ast-hfb-mobile-header-display":"","site-post-title":"disabled","ast-breadcrumbs-content":"","ast-featured-img":"disabled","footer-sml-layout":"","ast-disable-related-posts":"","theme-transparent-header-meta":"","adv-header-id-meta":"","stick-header-meta":"","header-above-stick-meta":"","header-main-stick-meta":"","header-below-stick-meta":"","astra-migrate-meta-layouts":"default","ast-page-background-enabled":"default","ast-page-background-meta":{"desktop":{"background-color":"var(--ast-global-color-4)","background-image":"","background-repeat":"repeat","background-position":"center center","background-size":"auto","background-attachment":"scroll","background-type":"","background-media":"","overlay-type":"","overlay-color":"","overlay-opacity":"","overlay-gradient":""},"tablet":{"background-color":"","background-image":"","background-repeat":"repeat","background-position":"center center","background-size":"auto","background-attachment":"scroll","background-type":"","background-media":"","overlay-type":"","overlay-color":"","overlay-opacity":"","overlay-gradient":""},"mobile":{"background-color":"","background-image":"","background-repeat":"repeat","background-position":"center center","background-size":"auto","background-attachment":"scroll","background-type":"","background-media":"","overlay-type":"","overlay-color":"","overlay-opacity":"","overlay-gradient":""}},"ast-content-background-meta":{"desktop":{"background-color":"var(--ast-global-color-5)","background-image":"","background-repeat":"repeat","background-position":"center center","background-size":"auto","background-attachment":"scroll","background-type":"","background-media":"","overlay-type":"","overlay-color":"","overlay-opacity":"","overlay-gradient":""},"tablet":{"background-color":"var(--ast-global-color-5)","background-image":"","background-repeat":"repeat","background-position":"center center","background-size":"auto","background-attachment":"scroll","background-type":"","background-media":"","overlay-type":"","overlay-color":"","overlay-opacity":"","overlay-gradient":""},"mobile":{"background-color":"var(--ast-global-color-5)","background-image":"","background-repeat":"repeat","background-position":"center center","background-size":"auto","background-attachment":"scroll","background-type":"","background-media":"","overlay-type":"","overlay-color":"","overlay-opacity":"","overlay-gradient":""}},"footnotes":""},"class_list":["post-34","page","type-page","status-publish","hentry"],"_links":{"self":[{"href":"https:\/\/dal-frombork.pl\/index.php\/wp-json\/wp\/v2\/pages\/34","targetHints":{"allow":["GET"]}}],"collection":[{"href":"https:\/\/dal-frombork.pl\/index.php\/wp-json\/wp\/v2\/pages"}],"about":[{"href":"https:\/\/dal-frombork.pl\/index.php\/wp-json\/wp\/v2\/types\/page"}],"author":[{"embeddable":true,"href":"https:\/\/dal-frombork.pl\/index.php\/wp-json\/wp\/v2\/users\/1"}],"replies":[{"embeddable":true,"href":"https:\/\/dal-frombork.pl\/index.php\/wp-json\/wp\/v2\/comments?post=34"}],"version-history":[{"count":31,"href":"https:\/\/dal-frombork.pl\/index.php\/wp-json\/wp\/v2\/pages\/34\/revisions"}],"predecessor-version":[{"id":779,"href":"https:\/\/dal-frombork.pl\/index.php\/wp-json\/wp\/v2\/pages\/34\/revisions\/779"}],"wp:attachment":[{"href":"https:\/\/dal-frombork.pl\/index.php\/wp-json\/wp\/v2\/media?parent=34"}],"curies":[{"name":"wp","href":"https:\/\/api.w.org\/{rel}","templated":true}]}}